site number?
True
Suppose -4*j - 5*o = -6238 + 27582, -2*j = 3*o + 10674. Let g be -4 + 6 + -5 + -3283. Let q = g - j. Is q prime?
False
Suppose 55*o = -2*o + 4359919 + 2325212. Is o a composite number?
True
Suppose -23*v = -24*v - 2, 0 = -5*b + 2*v + 38099. Let z = 13332 - b. Is z prime?
False
Suppose 0 = -7*p + 404381 + 773719 + 61607. Is p composite?
False
Let h be 60/25 + ((-36)/15 - -2). Suppose -5*k - h*k + 14 = 0. Suppose k*w + 12287 = 13*w. Is w a composite number?
False
Suppose -44*r = -56*r + 150072. Suppose r = -0*v + 26*v. Is v a prime number?
False
Suppose 0 = -9*m - 251 - 1684. Is ((-129)/m)/(3/58285) a composite number?
False
Suppose -266*x + 43222312 = 126*x. Is x prime?
True
Let t(d) = 3*d**2 + d + 2. Let l be t(-2). Suppose -17*w = -15*w + l. Let i(g) = -103*g + 13. Is i(w) a prime number?
True
Let a be 8/(-12)*6 - (-1 + -8). Suppose a*l + 11896 + 19089 = 5*t, 3*l - 6197 = -t. Is t prime?
True
Suppose 6*y + 27*y - 259001 = 1919428. Is y composite?
True
Let i(y) = 3*y**2 + 100*y - 62. Let o be i(-34). Suppose 3*m - o*m + 2*c = -30155, c + 4 = 0. Is m prime?
False
Let m(z) = -16*z - 9 + 12 + 4 + 16*z**2 - z. Let v(s) = s**2 - 8*s + 1. Let g be v(9). Is m(g) a prime number?
False
Let a be (-11)/(495/10) + (-2)/(-9). Let p(k) = -4*k**2 - 2*k - 1133. Let m(d) = -3*d**2 - 2*d - 1134. Let y(b) = -6*m(b) + 5*p(b). Is y(a) prime?
False
Let i(c) = c**3 + 64*c**2 - 194*c - 62. Let f be 588/(-10) - (-1)/(-5). Is i(f) a composite number?
False
Suppose 12483 = -5*a - p, 0*a - p = -5*a - 12487. Let z = 3607 + a. Let b = z + 1249. Is b prime?
False
Let n(s) = 3076*s**2 - 11*s - 104. Is n(-7) prime?
True
Suppose -4*y - 1 = 5*v - 13, -3*v - 3 = -y. Suppose y = 4*n - 13. Suppose 2*d - 663 - 727 = -2*x, -5*d + n*x + 3439 = 0. Is d a composite number?
False
Is 6 + (18 - -168836) + 9 a prime number?
True
Let l(p) = -p**3 + 4*p**2 - p - 2. Let j be l(3). Suppose 18 + 2 - 8 = -3*v. Is ((-1399)/v)/(1/j) a prime number?
True
Let g(m) = 29*m**3 - 11*m**2 + 6*m - 117. Is g(11) a prime number?
True
Let d(z) = 79 + 14*z**3 + 2*z**2 - 10*z - 7*z**2 + 3*z**2 - 2*z**2. Is d(8) composite?
False
Let f(j) be the third derivative of -89*j**4/24 + 23*j**3/2 + 3*j**2 - 52. Is f(-8) composite?
True
Let l(r) = 1306*r**2 + 30*r - 120. Let m(h) = 435*h**2 + 10*h - 41. Let q(z) = 6*l(z) - 17*m(z). Is q(2) prime?
False
Suppose 5*w = -26*w - 124. Is 3912/36*((-278)/w - -1) prime?
False
Let f(r) = -25186*r**3 + 112*r**2 + 321*r - 10. Is f(-3) composite?
True
Let m(d) be the second derivative of -237*d**3/2 + 13*d**2/2 + 55*d. Is m(-14) composite?
False
Suppose 26892511 = 121*q + 259806. Is q composite?
True
Let c(f) = 2*f + 3. Let z = -24 - -16. Let o be c(z). Let a(r) = r**2 + r + 1. Is a(o) a prime number?
True
Is (-2)/(-40) - 274491639/(-2020) composite?
False
Suppose -7*j = 5987 + 138. Let t = 180 - j. Is t prime?
False
Let z(m) = 27110*m**3 - 164*m + 326. Is z(2) prime?
False
Let t(d) = -d**3 + 16*d - 4. Suppose -1 = x + 4*o, -o + 24 = -2*x - 5. Is t(x) composite?
True
Suppose q + 255099 = 5*l, 97*l - 95*l - q = 102042. Is l a composite number?
True
Suppose -w + 41103 = 2*v, 2*v + 101618 + 103873 = 5*w. Is 1 + w + 9/((-36)/(-4)) a composite number?
True
Let t(u) be the third derivative of u**6/60 - u**5/60 + u**4/8 + u**3/6 - 9*u**2. Let x be ((-4)/12)/((-7)/63). Is t(x) a prime number?
False
Let w(d) = 35*d**2 - 4*d - 1. Let h(o) = o**3 - 7*o**2 + 6*o - 7. Let k be h(7). Let s be 1/(-2) + 6/((-84)/k). Is w(s) composite?
True
Suppose 5*i = 5*n + 761735, -4*n = i - 23234 - 129143. Is i prime?
False
Let s(x) = -1343*x - 1444. Is s(-6) composite?
True
Let s(l) = 631*l + 228*l + 793*l + 202 + 1025*l. Is s(11) a composite number?
True
Is 6/((-4 + 4/(-8))/3) - -379373 prime?
True
Let h(z) = z**2 - 19*z - 16. Let x be h(20). Let y be ((84192/(-10))/(-6))/(x/20). Suppose 11*n = 19*n - y. Is n a composite number?
False
Let m be 1*16/(-4) + 7. Suppose -5*a - m*g = 2*g, 0 = a - g. Suppose a = -3*p + 2198 + 661. Is p a prime number?
True
Suppose -3829*k = -3815*k - 5426554. Is k a composite number?
True
Let g(s) = 810*s**3 + 5*s**2 - 15*s - 1. Let o = -118 - -120. Is g(o) prime?
True
Is (((-2545)/(-10))/(4 + -5))/(6/(-7692)) a prime number?
False
Is (10/(-20))/(59658/(-19884) - -3) a prime number?
True
Suppose -3*c + c = 5*h - 5290, 3*c + 15 = 0. Let b(f) = 3 - h*f**3 - 38*f + 81*f - f**2 - 40*f. Is b(-1) a composite number?
True
Let u(x) = 272*x - 81. Let c(a) = -134*a + 40. Let h(s) = 5*c(s) + 3*u(s). Suppose 2*t + 35 = 7*t. Is h(t) a prime number?
False
Let m = 28 + -29. Is (104/(-16))/(m/6) a composite number?
True
Suppose -4*w = 2*o - 376694, -11*w + 4*o + 496499 = -539324. Is w a composite number?
False
Suppose 6764 = 3*o + 4*u, u - 9016 = -4*o - 3*u. Let t = 3415 - o. Is t a composite number?
False
Let m = -234 + 237. Is m/(-24)*-2 - (-130634)/56 composite?
False
Suppose -10*y - 15 = -55. Suppose 3*f = -y*u + 17765, 4*u - 5919 = -4*f + 3*f. Is f a prime number?
True
Suppose -4*d - 5*v = -29872, d = -4*v + 5945 + 1534. Is d prime?
False
Is 43228 + 4 + (22 - 17) composite?
False
Suppose 35*k - 46 = 5029. Suppose k*o + 43595 = 150*o. Is o a prime number?
True
Suppose 0*y + 3*y + 8 = 5*i, 2*i = 2*y. Suppose -c = i*t - 336, -4*c + 0*c + 2*t = -1344. Suppose -2*p + c = 5*h + 4, p - 166 = -h. Is p prime?
False
Let d be (-954)/212*8/(-6). Is 166995/(-30)*(-4)/d prime?
False
Suppose 3*v = 3*m + 89217, -5*v - 3*m + 148703 = -6*m. Suppose -14*y + 7*y = -v. Suppose j = -4*i + 4852 - 1450, -5*i = 3*j - y. Is i a prime number?
False
Is (5 + 64127/(-14))*-26 a prime number?
False
Suppose 292 = 9*y - 617. Let q = y + -46. Is q a composite number?
True
Let c(g) be the first derivative of 564*g**4 + 7*g**2/2 - 9*g - 56. Is c(2) composite?
True
Let o = -111 - -113. Suppose -2*f + 4*g - 30 = 0, 3*f - 6*g + o*g = -39. Is 1047 + f/((-36)/(-8)) + 4 prime?
True
Let i(w) = 5*w. Let m be i(1). Let j(b) = 5*b + 30. Let f be j(-6). Suppose 0 = m*l + y - 929, f*y = -y + 4. Is l a prime number?
False
Let h(c) = 13*c**2 + 17*c + 1. Let b(x) = -40*x**2 - 50*x - 2. Let p(r) = -5*b(r) - 14*h(r). Let z be p(-20). Let y = z - 4623. Is y prime?
True
Let b(l) = -400*l + 28. Let w be b(5). Let p = w + 3701. Let t = 2766 - p. Is t a composite number?
True
Let i(d) = -d**3 + 7*d - 1. Let l be i(3). Let o be (l + 31)*(8/6 - 1). Is 0*(-2)/o - -2441 prime?
True
Let i = 18075 - 6473. Is i a prime number?
False
Suppose -4*v + 0*v = 8*v - 1173108. Is v a prime number?
False
Suppose 0 = 5*i - 5, -7*m = -3*m - 5*i - 7. Suppose -3 = -m*q - 3*z, -5*z = 4*q - q + 1. Suppose -528 = -2*y - c, -q*y + 4*c + 0*c + 781 = 0. Is y composite?
False
Let h(j) = 2*j**2 + 6*j + 15. Let b(r) = r**3 + 14*r**2 - 13*r + 15. Let w be b(-15). Let s be (2 + (w - -5))/((-2)/2). Is h(s) a prime number?
True
Suppose 2*d - p - 6 = 0, 36*p - 16 = 32*p. Suppose 8*m = 3*m - 3*t + 4051, -4*m + 3226 = -d*t. Is m prime?
True
Let c(h) be the second derivative of 30*h + 17/2*h**2 + 1/3*h**3 + 0 - 11/12*h**4 + 3/20*h**5. Is c(7) prime?
True
Suppose -47*m = -3*m + 38676. Let q = m + 3508. Is q a prime number?
False
Is (-16)/(-200) + 47915322/350 composite?
True
Let m = 29117 + 42021. Is m a composite number?
True
Let n(a) = -a**3 - a + 1. Let d(x) = -67*x**3 + x**2 - 3*x + 4. Let w(h) = -d(h) + 6*n(h). Let o be w(3). Suppose 0 = -5*q + 4926 - o. Is q composite?
False
Suppose 2*h - 3*w = -16, -2*h = 2*h + 3*w + 32. Let g(b) = 33*b**2 - 25*b - 3. Is g(h) prime?
True
Suppose 23*f - 153 = -38. Suppose 3*j + 0*j + h = 2698, j = f*h + 926. Is j prime?
False
Suppose -12187*v + 12198*v = 35709355. Is v a composite number?
True
Let y(x) = -3466*x + 9. Is y(-10) prime?
False
Let o(q) be the second derivative of 3*q**5/20 - 2*q**4/3 + q**3 - 24*q**2 + 8*q + 3. Is o(7) prime?
True
Let a(q) = q**3 - 7*q**2 - 28*q - 10. Let f be a(10). Suppose f*l = 5*l + 6865. Is l prime?
True
Let o be 7/(-28) + 3/(-36)*-3. Let g be ((-260)/39)/(o - 4/6). Is (785/g)/(2 - 22/12) a prime number?
False
Let i(s) be the second derivative of -4127*s**3/2 - 43*s**2 + 22*s + 4. Is i(-3) composite?
False
Suppose 21*c = 18*c + 81648. Suppose 5926 = -10*t + c. Is t a prime number?
True
Suppose 5*y = -2*i + 172532 - 23393, -5*i + 119284 = 4*y. Is y composite?
True
Suppose 2*s + 3 = q, -3 = 3*